*3 + d**2 + 3. Determine n(-2).
-25
Let f(u) = 452*u - 6332. Give f(14).
-4
Let s(w) = w**2 - 9*w + 60. Determine s(31).
742
Let d(c) = c**3 - 4*c**2 - 11*c + 3. Determine d(6).
9
Let h(j) = j**3 - 59*j**2 + 171*j - 170. Determine h(56).
-2
Let l(b) = -36*b**3 - 33*b**2 - 34*b - 26. Give l(-1).
11
Let v(b) = 5*b**2 - 101*b + 130. Calculate v(19).
16
Let t(y) = 28*y + 2300. Calculate t(-82).
4
Let k(r) = 27*r. Calculate k(5).
135
Let g(v) = -v**3 + 23*v**2 - 85*v - 88. Determine g(18).
2
Let x(z) = -z**2 + 9*z + 42. Calculate x(13).
-10
Let m(p) = -74*p + 424. What is m(6)?
-20
Let a(g) = -g**3 + 13*g**2 - g + 104. Give a(14).
-106
Let d(s) = -786*s - 1563. What is d(-2)?
9
Let u(k) = 3*k**2 + 122*k + 788. Calculate u(-8).
4
Let a(j) = 45*j - 3461. Give a(77).
4
Let m(j) = j**3 - 45*j**2 - 366*j + 97. Give m(52).
-7
Let c(g) = -g**3 + 9*g**2 + 90*g - 765. Give c(10).
35
Let p(v) = -v**2 - 14*v + 10. Determine p(-17).
-41
Let w(j) = j**3 + 25*j**2 + 122*j - 18. Give w(-7).
10
Let x(f) = 377*f + 1500. Calculate x(-4).
-8
Let m(j) = -13*j + 162. Determine m(25).
-163
Let t(c) = -c**3 + 9*c**2 + 17*c - 30. Give t(11).
-85
Let i(v) = 3*v**2 - 85*v + 162. Give i(27).
54
Let f(j) = 2452*j - 7369. Give f(3).
-13
Let v(r) = -r**3 + 13*r**2 - 32*r + 4. What is v(10)?
-16
Let p(f) = 49*f - 40. Calculate p(1).
9
Let s(p) = 2*p**2 + p - 30. What is s(4)?
6
Let k(c) = -272*c + 2031. Give k(6).
399
Let n(z) = 2*z**3 + 86*z**2 + 915*z + 65. Give n(-24).
-7
Let q(s) = -s**3 - 228*s**2 - 10693*s - 149. Calculate q(-162).
13
Let c(g) = -3347*g - 56902. What is c(-17)?
-3
Let s(k) = 2*k**2 + 1577*k + 19. What is s(0)?
19
Let z(l) = 252*l - 13105. Determine z(52).
-1
Let l(r) = -87*r**3 + 14*r**2 - 24*r + 3. Determine l(2).
-685
Let u(r) = 117*r - 1511. What is u(13)?
10
Let w(p) = -24*p + 244. What is w(-14)?
580
Let h(r) = 157*r - 3019. Give h(17).
-350
Let j(p) = -10*p**2 + 234*p - 610. Calculate j(3).
2
Let u(h) = -5*h**3 + 37*h**2 + 63*h + 36. Determine u(10).
-634
Let y(n) = 2*n**2 - 162*n - 1048. Determine y(-6).
-4
Let a(m) = 2*m**3 + 32*m**2 + m + 16. What is a(-16)?
0
Let p(d) = d**2 - 52*d + 172. Calculate p(3).
25
Let s(n) = n**3 + 18*n**2 - 24*n - 231. Calculate s(-18).
201
Let m(n) = -4605*n - 23034. What is m(-5)?
-9
Let j(d) = -2*d**3 - 134*d**2 + 1040*d + 312. Calculate j(-74).
16
Let s(j) = -j**2 - 19*j + 26. Calculate s(1).
6
Let r(i) = 28*i**2 + 4*i - 9. Determine r(3).
255
Let t(p) = -38*p + 337. Give t(9).
-5
Let n(g) = 5*g + 10. What is n(17)?
95
Let n(c) = c**3 + 16*c**2 + 13*c + 110. Give n(-16).
-98
Let z(r) = -92*r + 147. Give z(2).
-37
Let w(s) = 17*s**2 + 42*s - 12. Determine w(-2).
-28
Let i(x) = -x**2 + 381*x - 9571. Calculate i(27).
-13
Let z(h) = 74*h - 511. What is z(10)?
229
Let i(r) = 91*r**3 + r**2 + 1. What is i(1)?
93
Let t(j) = 36*j + 566. Determine t(-17).
-46
Let t(x) = 2*x**3 + 193*x**2 - 105*x - 19267. Determine t(-96).
29
Let t(x) = -387*x**2 - 2713*x - 22. Give t(-7).
6
Let y(x) = -x**3 - 12*x**2 - 5*x + 60. Calculate y(-11).
-6
Let l(n) = 20*n - 57. Calculate l(-6).
-177
Let d(p) = p**3 - 15*p**2 + 18*p - 234. Give d(15).
36
Let v(m) = -m**3 + 15*m**2 - 38*m + 33. What is v(11)?
99
Let m(t) = -12*t**3 - 296*t**2 + 414*t - 47. Determine m(-26).
5
Let k(i) = 14*i**2 + 456*i - 161. Calculate k(-33).
37
Let m(b) = -b**2 - 30*b - 130. Determine m(-31).
-161
Let d(p) = 6*p**3 - 1877*p**2 - 311*p - 625. Give d(313).
1
Let b(u) = -u**3 - 53*u**2 - 358*u + 92. Calculate b(-45).
2
Let r(q) = -q**3 - 383*q - 774. Calculate r(-2).
0
Let w(n) = -n**3 - 2*n**2 - 3*n - 10. What is w(-3)?
8
Let f(b) = -b**3 + 29*b**2 - 176*b - 27. Determine f(9).
9
Let z(x) = -2*x**3 + 4*x**2 + 16*x + 45. What is z(5)?
-25
Let b(a) = 2*a**2 - 28*a + 8. Determine b(5).
-82
Let p(i) = -363*i - 214. Give p(-1).
149
Let v(w) = -w**3 + 26*w**2 + 164*w - 278. What is v(31)?
1
Let n(m) = 2*m**2 - 28*m - 310. What is n(21)?
-16
Let z(f) = -2*f**2 - 68*f - 27. What is z(-34)?
-27
Let o(d) = 3*d**2 - 46*d + 10. Determine o(11).
-133
Let a(p) = 285*p - 27367. Determine a(96).
-7
Let h(s) = s**3 + 11*s**2 + 19*s + 14. What is h(-8)?
54
Let k(s) = -58*s**2 - 1732*s + 233. Give k(-30).
-7
Let u(x) = 9*x**2 - 10*x - 55. Give u(3).
-4
Let b(a) = -1424*a - 12878. What is b(-9)?
-62
Let j(v) = -29*v - 1650. Determine j(-57).
3
Let s(a) = -35*a - 142. Determine s(-6).
68
Let y(w) = 2*w**2 - 39*w - 49. Calculate y(19).
-68
Let y(x) = -14*x + 123. Calculate y(7).
25
Let g(q) = -q**3 - 75*q**2 - 804*q + 71. Give g(-62).
-53
Let q(j) = 46*j - 412. Determine q(9).
2
Let j(c) = 13*c - 44. Calculate j(6).
34
Let a(g) = -181*g + 2523. Give a(13).
170
Let a(f) = 66*f**2 + 64*f - 58. What is a(1)?
72
Let r(y) = y**3 - 20*y**2 + 67*y - 407. Determine r(18).
151
Let s(h) = 5*h - 10. Determine s(5).
15
Let y(r) = 3*r**2 + 74*r + 357. Determine y(-18).
-3
Let c(o) = o**2 + 74*o + 706. Determine c(-11).
13
Let c(k) = 17092*k + 17070. Determine c(-1).
-22
Let w(a) = -a**2 - 33*a - 502. Determine w(-40).
-782
Let n(k) = k**3 - 19*k**2 + 39*k - 114. Give n(17).
-29
Let x(p) = -p**3 + 10*p**2 - 21*p - 23. Calculate x(11).
-375
Let o(l) = 22*l - 52. Calculate o(3).
14
Let h(x) = -3*x**2 + 92*x + 465. What is h(-5)?
-70
Let p(s) = s**3 - 6*s**2 - 26*s + 172. Give p(8).
92
Let t(u) = -2*u**3 + 4*u**2 - 9*u + 13. Calculate t(2).
-5
Let b(t) = -t**3 - 18*t**2 + 371*t + 5894. Calculate b(-23).
6
Let c(j) = -2*j**2 + 48*j + 361. Calculate c(29).
71
Let x(n) = -8*n**2 + 532*n + 280. Give x(67).
12
Let j(x) = 196*x - 1159. What is j(6)?
17
Let d(n) = 3*n**2 + 39*n - 317. What is d(6)?
25
Let o(z) = z**3 + 6*z**2 - 11*z - 68. What is o(-4)?
8
Let o(n) = 2*n**3 - 250*n**2 - 251*n - 153. What is o(126)?
-27
Let h(v) = -117*v + 180. Give h(0).
180
Let l(k) = k**2 - 673*k + 32308. Calculate l(52).
16
Let f(i) = i**3 - 4*i**2 + 25*i + 1. Determine f(5).
151
Let g(k) = -5*k**3 + k**2 - 3*k + 5. Give g(2).
-37
Let d(t) = -5*t**2 - 282*t + 3164. What is d(-66)?
-4
Let j(r) = 38*r - 559. Calculate j(15).
11
Let o(u) = -2*u**3 + 3*u**2 - 9*u + 9. Calculate o(1).
1
Let r(j) = 61*j**3 + j**2 - 5*j - 6. Determine r(-1).
-61
Let n(c) = -3*c**2 + 17*c + 273. Give n(-7).
7
Let t(d) = 11*d + 167. Determine t(-14).
13
Let k(z) = -2*z**2 - 84*z - 497. Give k(-34).
47
Let w(y) = -112*y + 2010. What is w(18)?
-6
Let g(y) = 18*y - 890. What is g(55)?
100
Let r(k) = -k**3 - 119*k**2 - 352*k - 469. What is r(-116)?
-5
Let q(w) = -6*w**2 - 135*w - 350. Determine q(-3).
1
Let w(l) = -19*l**2 - 57*l + 3. Give w(-7).
-529
Let a(w) = 45*w**2 + 346*w - 87. Calculate a(-8).
25
Let u(c) = c**3 - 13*c**2 - 25*c + 452. Determine u(12).
8
Let y(z) = 10*z**2 - 5*z + 4. What is y(2)?
34
Let m(h) = -h**2 - 45*h - 201. Give m(-40).
-1
Let i(u) = -1081*u**2 + 45401*u + 48. Give i(42).
6
Let q(t) = 101*t + 2115. What is q(-21)?
-6
Let n(j) = -3*j + 111. What is n(-10)?
141
Let u(o) = -20*o - 79. Determine u(8).
-239
Let t(y) = -4*y**2 - 137*y. Give t(-34).
34
Let m(s) = -7*s - 58. Calculate m(8).
-114
Let o(t) = 887*t + 2670. Calculate o(-3).
9
Let n(y) = y**3 - 10*y**2 - 65*y + 121. Determine n(14).
-5
Let t(r) = -r**3 - 11*r**2 - 4*r - 4. Determine t(-9).
-130
Let l(s) = s**2 - 106*s - 319. Calculate l(109).
8
Let k(x) = x**2 + 212*x + 1425. Determine k(-7).
-10
Let z(v) = -3*v**3 - 1237*v**2 - 406*v + 2477. Calculate z(-412).
5
Let v(z) = -60*z - 3727. Determine v(-62).
-7
Let x(k) = 5*k**2 + 87*k - 3920. Determine x(-38).
-6
Let l(h) = 262*h - 5035. Give l(19).
-57
Let q(v) = -13*v**2 + 279*v - 120. Determine q(21).
6
Let r(c) = -8*c + 33. Calculate r(6).
-15
Let r(x) = 3*x**2 + 263*x - 73. Determine r(-88).
15
Let p(j) = 2*j**2 + 117*j + 742. What is p(-51)?
-23
Let y(v) = -105*v - 1267. Give y(-12).
-7
Let z(r) = 4*r - 3. Determine z(-21).
-87
Let a(u) = u**3 - 20*u**2 + 52*u - 623. Calculate a(19).
4
Let l(o) = -4*o**3 + 54*o**2 + 83*o + 71. What is l(15)?
-34
Let k(z) = 2*z**3 - 3*z**2 + 92*z - 6. What is k(0)?
-6
Let i(x) = -x**3 - 43*x**2 + 39*x + 4956. What is i(-41)?
-5
Let t(j) = -2*j**2 + 5839. Determine t(-54).
7
Let z(n) = -3*n**3 - 24*n**2 + 31*n + 20. Calculate z(-9).
-16
Let w(h) = -h**3 - 36*h**2 - 190*h - 374. Calculate w(-30).
-74
Let l(v) = 2*v**2 - 16*v - 422. Give l(-11).
-4
Let b(m) = -309*m + 14471. Calcula